{"id":93,"date":"2025-08-12T12:56:02","date_gmt":"2025-08-12T10:56:02","guid":{"rendered":"https:\/\/nadia-valente-psychologue.fr\/?page_id=93"},"modified":"2025-09-17T13:06:50","modified_gmt":"2025-09-17T11:06:50","slug":"qui-je-suis","status":"publish","type":"page","link":"https:\/\/nadia-valente-psychologue.fr\/index.php\/qui-je-suis\/","title":{"rendered":"Qui je suis?"},"content":{"rendered":"\n<div class=\"wp-block-media-text has-media-on-the-right is-stacked-on-mobile\" style=\"grid-template-columns:auto 27%\"><div class=\"wp-block-media-text__content\">\n<p>Je suis <strong>Nadia Da Silva Valente<\/strong>,<strong> psychologue clinicienne dipl\u00f4m\u00e9e en Psychologie Clinique et de la Sant\u00e9<\/strong> depuis 2016.<\/p>\n\n\n\n<p>Depuis le d\u00e9but de ma carri\u00e8re, j\u2019ai eu l\u2019opportunit\u00e9 d\u2019accompagner des <strong>enfants, adolescents, adultes et personnes \u00e2g\u00e9es<\/strong>, dans des contextes aussi vari\u00e9s que <strong>les \u00e9coles<\/strong>, <strong>les cliniques de d\u00e9veloppement personnel<\/strong> ou encore les <strong>maisons de retraite.<\/strong><\/p>\n\n\n\n<p>Convaincue de la richesse de l\u2019humain, je me suis \u00e9galement f<strong>orm\u00e9e en coaching, hypnose, programmation neurolinguistique (PNL)<\/strong> \u2014 des <strong>outils compl\u00e9mentaires que j\u2019int\u00e8gre dans ma pratique clinique.<\/strong><\/p>\n<\/div><figure class=\"wp-block-media-text__media\"><img loading=\"lazy\" decoding=\"async\" width=\"836\" height=\"1024\" src=\"https:\/\/nadia-valente-psychologue.fr\/wp-content\/uploads\/2025\/09\/ccc-836x1024.jpg\" alt=\"\" class=\"wp-image-171 size-full\" srcset=\"https:\/\/nadia-valente-psychologue.fr\/wp-content\/uploads\/2025\/09\/ccc-836x1024.jpg 836w, https:\/\/nadia-valente-psychologue.fr\/wp-content\/uploads\/2025\/09\/ccc-245x300.jpg 245w, https:\/\/nadia-valente-psychologue.fr\/wp-content\/uploads\/2025\/09\/ccc-768x940.jpg 768w, https:\/\/nadia-valente-psychologue.fr\/wp-content\/uploads\/2025\/09\/ccc.jpg 1061w\" sizes=\"auto, (max-width: 836px) 100vw, 836px\" \/><\/figure><\/div>\n\n\n\n<hr class=\"wp-block-separator has-alpha-channel-opacity\"\/>\n\n\n\n<hr class=\"wp-block-separator has-alpha-channel-opacity\"\/>\n\n\n\n<h2 class=\"wp-block-heading has-large-font-size\">\u03a8 <strong>Pourquoi la psychologie ?<\/strong><\/h2>\n\n\n\n<p>Depuis toujours, je suis fascin\u00e9e par le <strong>comportement humain<\/strong> et par ce qui pousse chacun <strong>\u00e0 avancer<\/strong>, <strong>r\u00e9sister <\/strong>ou <strong>changer<\/strong>.<\/p>\n\n\n\n<p>Ce <strong>d\u00e9sir de comprendre<\/strong>, et <strong>d&rsquo;accompagner au mieux les \u00e9motions<\/strong> et les <strong>transitions de vie<\/strong>, m\u2019a naturellement men\u00e9e vers la psychologie.<\/p>\n\n\n\n<p>Pour moi, il n\u2019y a <strong>pas de chemin tout trac\u00e9<\/strong>, <strong>mais plut\u00f4t des opportunit\u00e9s de transformation<\/strong>, quand on se sent <strong>\u00e9cout\u00e9, soutenu et respect\u00e9.<\/strong><\/p>\n\n\n\n<hr class=\"wp-block-separator has-alpha-channel-opacity\"\/>\n\n\n\n<hr class=\"wp-block-separator has-alpha-channel-opacity\"\/>\n\n\n\n<h2 class=\"wp-block-heading has-large-font-size\">\ud83c\udf31 <strong>Mon approche<\/strong><\/h2>\n\n\n\n<p>J\u2019adopte une approche <strong>int\u00e9grative, humaniste et respectueuse<\/strong>.<\/p>\n\n\n\n<p>Chaque personne est unique : j\u2019adapte mon \u00e9coute \u00e0 votre histoire, vos besoins et vos objectifs.<br>Je vous propose un accompagnement centr\u00e9 sur <strong>l\u2019alliance th\u00e9rapeutique<\/strong>, la s\u00e9curit\u00e9 \u00e9motionnelle et l\u2019autonomie que chacun peut retrouver \u00e0 son rythme.<\/p>\n\n\n\n<blockquote class=\"wp-block-quote is-layout-flow wp-block-quote-is-layout-flow\">\n<blockquote class=\"wp-block-quote is-layout-flow wp-block-quote-is-layout-flow\">\n<blockquote class=\"wp-block-quote is-layout-flow wp-block-quote-is-layout-flow\">\n<h3 class=\"wp-block-heading\"><em>\u00ab Connais-toi toi-m\u00eame et tu conna\u00eetras l\u2019univers et les dieux. \u00bb<\/em><\/h3>\n\n\n\n<p>\u2014 Socrate<\/p>\n<\/blockquote>\n<\/blockquote>\n<\/blockquote>\n\n\n\n<div class=\"wp-block-buttons is-layout-flex wp-block-buttons-is-layout-flex\">\n<div class=\"wp-block-button\"><a class=\"wp-block-button__link wp-element-button\" href=\"https:\/\/nadia-valente-psychologue.fr\/\">Retour \u00e0 l\u2019accueil<\/a><\/div>\n<\/div>\n\n\n\n<p><\/p>\n","protected":false},"excerpt":{"rendered":"<p>Je suis Nadia Da Silva Valente, psychologue clinicienne dipl\u00f4m\u00e9e en Psychologie Clinique et de la Sant\u00e9 depuis 2016. Depuis le [&hellip;]<\/p>\n","protected":false},"author":1,"featured_media":0,"parent":0,"menu_order":0,"comment_status":"closed","ping_status":"closed","template":"","meta":{"site-sidebar-layout":"default","site-content-layout":"","ast-site-content-layout":"default","site-content-style":"default","site-sidebar-style":"default","ast-global-header-display":"","ast-banner-title-visibility":"","ast-main-header-display":"","ast-hfb-above-header-display":"","ast-hfb-below-header-display":"","ast-hfb-mobile-header-display":"","site-post-title":"","ast-breadcrumbs-content":"","ast-featured-img":"","footer-sml-layout":"","theme-transparent-header-meta":"","adv-header-id-meta":"","stick-header-meta":"","header-above-stick-meta":"","header-main-stick-meta":"","header-below-stick-meta":"","astra-migrate-meta-layouts":"default","ast-page-background-enabled":"default","ast-page-background-meta":{"desktop":{"background-color":"var(--ast-global-color-5)","background-image":"","background-repeat":"repeat","background-position":"center center","background-size":"auto","background-attachment":"scroll","background-type":"","background-media":"","overlay-type":"","overlay-color":"","overlay-opacity":"","overlay-gradient":""},"tablet":{"background-color":"","background-image":"","background-repeat":"repeat","background-position":"center center","background-size":"auto","background-attachment":"scroll","background-type":"","background-media":"","overlay-type":"","overlay-color":"","overlay-opacity":"","overlay-gradient":""},"mobile":{"background-color":"","background-image":"","background-repeat":"repeat","background-position":"center center","background-size":"auto","background-attachment":"scroll","background-type":"","background-media":"","overlay-type":"","overlay-color":"","overlay-opacity":"","overlay-gradient":""}},"ast-content-background-meta":{"desktop":{"background-color":"var(--ast-global-color-4)","background-image":"","background-repeat":"repeat","background-position":"center center","background-size":"auto","background-attachment":"scroll","background-type":"","background-media":"","overlay-type":"","overlay-color":"","overlay-opacity":"","overlay-gradient":""},"tablet":{"background-color":"var(--ast-global-color-4)","background-image":"","background-repeat":"repeat","background-position":"center center","background-size":"auto","background-attachment":"scroll","background-type":"","background-media":"","overlay-type":"","overlay-color":"","overlay-opacity":"","overlay-gradient":""},"mobile":{"background-color":"var(--ast-global-color-4)","background-image":"","background-repeat":"repeat","background-position":"center center","background-size":"auto","background-attachment":"scroll","background-type":"","background-media":"","overlay-type":"","overlay-color":"","overlay-opacity":"","overlay-gradient":""}},"footnotes":""},"class_list":["post-93","page","type-page","status-publish","hentry"],"_links":{"self":[{"href":"https:\/\/nadia-valente-psychologue.fr\/index.php\/wp-json\/wp\/v2\/pages\/93","targetHints":{"allow":["GET"]}}],"collection":[{"href":"https:\/\/nadia-valente-psychologue.fr\/index.php\/wp-json\/wp\/v2\/pages"}],"about":[{"href":"https:\/\/nadia-valente-psychologue.fr\/index.php\/wp-json\/wp\/v2\/types\/page"}],"author":[{"embeddable":true,"href":"https:\/\/nadia-valente-psychologue.fr\/index.php\/wp-json\/wp\/v2\/users\/1"}],"replies":[{"embeddable":true,"href":"https:\/\/nadia-valente-psychologue.fr\/index.php\/wp-json\/wp\/v2\/comments?post=93"}],"version-history":[{"count":19,"href":"https:\/\/nadia-valente-psychologue.fr\/index.php\/wp-json\/wp\/v2\/pages\/93\/revisions"}],"predecessor-version":[{"id":176,"href":"https:\/\/nadia-valente-psychologue.fr\/index.php\/wp-json\/wp\/v2\/pages\/93\/revisions\/176"}],"wp:attachment":[{"href":"https:\/\/nadia-valente-psychologue.fr\/index.php\/wp-json\/wp\/v2\/media?parent=93"}],"curies":[{"name":"wp","href":"https:\/\/api.w.org\/{rel}","templated":true}]}}